 Determine g(-64).
11
Let k(y) = 233653*y + 47898873. Calculate k(-205).
8
Let y(t) = -5491*t + 76907. What is y(14)?
33
Let o(x) = -68*x**3 - 5438*x**2 + 165*x + 50. Calculate o(-80).
-350
Let b(g) = 8*g**3 + 130*g**2 + 102*g - 311. Give b(-15).
409
Let b(a) = -83233*a + 666084. Determine b(8).
220
Let n(i) = i**3 + 268*i**2 + 3367*i + 737. What is n(-13)?
61
Let y(p) = 6160*p - 973280. What is y(158)?
0
Let k(i) = -4*i**2 - 16433*i - 327047. Determine k(-20).
13
Let x(b) = 4220406*b + 4220402. Give x(-1).
-4
Let l(i) = 3*i**3 + 171*i**2 + 1533*i + 708. Give l(-46).
18
Let k(q) = 42*q**2 - 305*q - 598. Determine k(4).
-1146
Let c(x) = -277*x**2 - 78*x - 95. Determine c(-1).
-294
Let g(a) = a**3 - 48*a**2 + 112*a - 269. Give g(45).
-1304
Let a(f) = -346*f**2 + 674*f - 3. What is a(2)?
-39
Let m(u) = -7731*u + 286069. What is m(37)?
22
Let h(w) = w**2 + 1022*w + 169385. What is h(-208)?
73
Let d(z) = -z**3 + 60*z**2 - 216*z + 774. What is d(56)?
1222
Let u(s) = s**3 + 156*s**2 + 888*s + 566. What is u(-5)?
-99
Let s(z) = -3*z**3 + 14*z**2 + 25*z + 2. Calculate s(-4).
318
Let m(o) = 319*o + 59. Calculate m(0).
59
Let x(n) = 11*n**3 - 16*n**2 - 37*n + 14. Determine x(-2).
-64
Let z(k) = -638*k - 2267. What is z(-4)?
285
Let m(j) = 10*j**2 - 2476*j - 37755. Give m(262).
-27
Let i(d) = 4*d**3 + 6*d**2 + 48*d - 63. Calculate i(6).
1305
Let j(n) = -1024*n - 2635. What is j(-4)?
1461
Let h(k) = -k**3 + 295*k**2 - 1150*k - 4183. Calculate h(291).
-109
Let y(d) = d**2 - 3807*d - 146100. Determine y(-38).
10
Let j(g) = 3*g**2 - 2986*g + 44037. What is j(15)?
-78
Let o(k) = k**2 + 12758*k + 153035. Give o(-12).
83
Let i(v) = 1008*v + 288280. Calculate i(-286).
-8
Let y(g) = -7*g**2 + 377*g + 5796. Give y(-11).
802
Let g(d) = -d**3 + 35*d**2 + 345*d + 7058. Determine g(46).
-348
Let p(j) = -87*j**3 + 293*j**2 + 17*j - 56. Calculate p(4).
-868
Let h(v) = 715*v - 3638. Give h(5).
-63
Let c(u) = -41*u**2 - 1721*u - 55. Determine c(-42).
-97
Let j(k) = 408*k + 49757. Give j(-122).
-19
Let n(m) = 37*m + 6251. Give n(-188).
-705
Let w(s) = 2*s**3 - 389*s**2 - 8129*s - 93. Calculate w(-19).
211
Let i(r) = -83490*r + 2504707. What is i(30)?
7
Let b(f) = -f**2 - 32*f + 296. Determine b(-32).
296
Let s(y) = 2*y**3 - 151*y**2 - 880*y - 891. Determine s(81).
0
Let r(o) = 711803*o + 32742947. Give r(-46).
9
Let y(q) = 2*q**2 - 60*q - 309. Determine y(25).
-559
Let p(d) = -75*d - 787. What is p(-3)?
-562
Let y(i) = -17927*i - 110. Determine y(0).
-110
Let g(w) = -w + 330. Give g(379).
-49
Let j(a) = -2*a**3 + 1023*a**2 + 13077*a + 12031. Give j(524).
-21
Let f(i) = -2858*i - 791660. Give f(-277).
6
Let f(k) = -k**3 + 4*k**2 + 1009*k - 10217. Calculate f(11).
35
Let r(o) = -6*o**2 - 2667*o - 120415. Give r(-51).
-4
Let x(o) = -o**3 - 52*o**2 + 141*o + 2114. Give x(-55).
3434
Let x(j) = 395817*j + 1978988. Calculate x(-5).
-97
Let s(p) = -64*p**2 + 1167*p - 320. Give s(18).
-50
Let a(m) = -2*m**3 - 5*m**2 + 4*m - 39. Calculate a(-9).
978
Let t(n) = -2*n**3 + n**2 + 5262*n + 105. Give t(-51).
-354
Let f(v) = 23*v**3 + 111*v**2 - 47*v - 128. Calculate f(-4).
364
Let z(v) = 24*v**2 + 1680*v + 205. Calculate z(-71).
1909
Let b(l) = 208*l + 1227. Calculate b(-9).
-645
Let k(h) = -h**3 - 17*h**2 + 28*h + 642. What is k(-7)?
-44
Let d(j) = -j**3 - 27*j**2 - 89*j - 1519. Determine d(-25).
-544
Let g(y) = 101*y**2 + 71*y - 232. Give g(3).
890
Let i(w) = 2*w**3 + 488*w**2 + 513*w + 6572. Give i(-243).
11
Let c(y) = -2252*y + 162511. Give c(72).
367
Let a(o) = -o**3 - 19*o**2 + 239*o + 4113. Calculate a(-21).
-24
Let o(n) = -2*n**3 + 714*n**2 - 1420*n + 17. Give o(355).
17
Let m(n) = n**3 + 29*n**2 + 72*n - 1575. Calculate m(-12).
9
Let r(y) = -1913947*y + 7655754. Give r(4).
-34
Let z(i) = -i**2 + 48*i - 1060. What is z(18)?
-520
Let l(g) = -g**3 - 4*g**2 + 219*g - 602. Determine l(3).
-8
Let w(g) = -g**3 + 33*g**2 - 277*g + 558. Give w(22).
-212
Let d(f) = -2*f**2 + 13*f + 7415. Give d(63).
296
Let w(v) = 5*v**2 - 249*v + 3003. What is w(29)?
-13
Let n(u) = 15565*u + 62263. Give n(-4).
3
Let l(q) = q**3 - 275*q**2 - 7031*q + 1794127. Determine l(277).
-2
Let y(m) = 199*m**2 - 1011*m - 98. Determine y(5).
-178
Let l(s) = -2156*s + 2095. Calculate l(1).
-61
Let g(s) = -17*s**2 - 1298*s + 3677. Give g(-79).
122
Let l(f) = -16*f**3 + 8*f**2 + 73*f + 67. Calculate l(-1).
18
Let r(x) = 335*x - 3507. Give r(10).
-157
Let d(n) = -2*n**3 - 12*n**2 + 59*n + 11. Calculate d(-12).
1031
Let a(c) = c**3 - 42*c**2 + 97*c - 676. What is a(40)?
4
Let d(y) = 3*y**3 + 21*y**2 - 332*y + 547. Calculate d(8).
771
Let n(h) = -1252203*h + 1252189. Calculate n(1).
-14
Let k(a) = a**2 - 2111*a - 750506. Give k(-310).
4
Let k(b) = b**2 - 213784*b + 1923964. Calculate k(9).
-11
Let a(t) = -3058*t + 36050. Give a(12).
-646
Let c(u) = -574731*u - 6896774. Determine c(-12).
-2
Let c(f) = -f**2 + 5517*f + 5517. Determine c(-1).
-1
Let q(m) = -1851*m - 23743. Calculate q(-13).
320
Let w(r) = -23951*r + 143891. Give w(6).
185
Let i(q) = 128*q**2 + 52535*q + 412083. Determine i(-8).
-5
Let w(g) = -g**3 - 99*g**2 - 508*g + 2722. What is w(-9)?
4
Let m(q) = -192027*q + 3648510. What is m(19)?
-3
Let x(y) = -62*y + 144. What is x(26)?
-1468
Let h(b) = b**2 + 283008*b - 3113212. Give h(11).
-3
Let r(c) = 4*c**3 - 4*c**2 - 2052*c + 6143. Calculate r(3).
59
Let j(w) = -w**3 - 505*w**2 + 265*w + 133732. Determine j(-505).
-93
Let i(g) = 2*g**3 - 351*g**2 + 2569*g + 14. Calculate i(7).
1484
Let y(j) = 3*j**3 + 13*j**2 + 29*j - 84. Give y(2).
50
Let q(o) = -2*o**2 - 49*o + 513. Determine q(-39).
-618
Let t(i) = 53568*i + 4874705. What is t(-91)?
17
Let q(y) = 15*y**2 + 2616*y + 93856. What is q(-124)?
112
Let b(a) = 553*a**3 + 18*a**2 + 20*a + 4. Calculate b(-1).
-551
Let r(u) = 576*u + 20649. What is r(-36)?
-87
Let q(g) = -2*g**3 - 4*g**2 - 2117*g - 6352. What is q(-3)?
17
Let u(q) = q**3 - 25*q**2 - 205*q + 5. Determine u(-6).
119
Let d(s) = -21*s**3 - 7*s**2 - 8559*s - 1. Calculate d(0).
-1
Let d(f) = -8*f**3 - 14*f**2 + 175*f - 652. Determine d(5).
-1127
Let r(b) = -6760*b - 60711. What is r(-9)?
129
Let a(t) = 171973*t - 2407629. Give a(14).
-7
Let n(a) = -52*a + 1867. Determine n(13).
1191
Let f(i) = 1543*i - 7709. Calculate f(5).
6
Let r(k) = -k**3 + 14*k**2 + 58*k - 905. Give r(14).
-93
Let y(h) = 92*h**2 - 5128*h + 107. Determine y(56).
1451
Let d(z) = 3*z**3 + 435*z**2 - 889*z + 48. What is d(2)?
34
Let z(n) = 3*n**2 - 132*n - 333. Calculate z(55).
1482
Let c(g) = -26*g**2 - 460*g - 7708. Determine c(-16).
-7004
Let b(n) = 42*n**2 + 42*n + 200. Calculate b(-4).
704
Let t(y) = -663*y**2 - 11908*y - 114. What is t(-18)?
-582
Let x(y) = 77*y**3 + 37*y**2 - 32*y + 10. Determine x(-3).
-1640
Let j(k) = -3*k**2 + 549*k + 3567. Determine j(188).
747
Let k(p) = -41268*p + 7882185. Calculate k(191).
-3
Let a(t) = -20524*t - 2791259. Calculate a(-136).
5
Let q(y) = -495*y**2 + 2485*y - 12. Determine q(5).
38
Let x(r) = -2*r**2 + 226*r - 2973. Determine x(102).
-729
Let c(l) = l**3 + 386*l**2 - 1230*l + 216. Calculate c(3).
27
Let b(f) = -f**3 + 38*f**2 - 381*f + 2866. What is b(28)?
38
Let u(m) = 7000*m + 174982. Give u(-25).
-18
Let u(n) = 699*n + 46099. What is u(-66)?
-35
Let o(a) = -80*a**2 + 29*a + 18. What is o(-1)?
-91
Let r(l) = -1488*l + 19371. Determine r(13).
27
Let d(g) = g**3 + 100*g**2 + 596*g + 3016. Calculate d(-94).
8
Let m(l) = 3*l**3 - 253*l**2 + 85*l - 118. What is m(84)?
-34
Let v(z) = -20*z**2 - 80*z - 114. Determine v(-3).
-54
Let f(r) = 5*r**2 - 734*r + 1919. Determine f(144).
-97
Let r(m) = -414229*m - 21954150. Calculate r(-53).
-13
Let r(b) = 44258*b - 885172. What is r(20)?
-12
Let d(k) = 316*k + 13024. Calculate d(-43).
-564
Let v(r) = 2*r**2 + 57*r + 356. Determine v(-20).
16
Let x(i) = 8*i**3 - 962*i**2 + 238*i + 231. Calculate x(120).
-9
Let t(j) = 816*j - 34262. Determine t(42).
10
Let w(s) = -601*s**3 - s**2 - 45*s - 45. Calculate w(-1).
600
Let h(o) = -2*o**2 - 2749*o - 944249. What is h(-701)?
-2
Let l(j) = j**3 - 6*j**2 - 2853*j + 14280. Calculate l(5).
-10
Let z(n) = -134*n + 28351. Calculate z(214).
-325
Let h(v) = -v**3 + 260*v**2 + 1094*v - 9982. Give h(264).
50
Let i(h) = 25*h**2 + 1478*h + 563. Calculate i(-59).
386
Let v(c) = 5*c**2 + 19844*c + 138654. Give v(-7).
-9
Let l(c